- 17, -r = 3*r - 3*f - 40. Suppose 3*h + r = -p + 27, 0 = h + 3*p - 4. List the prime factors of h.
7
Let c(k) be the second derivative of -k**5/20 + 5*k**4/6 - k**3 - 2*k**2 + 2*k. What are the prime factors of c(9)?
23
Let m be ((-2)/(-6))/(6/36). Suppose m*q - q + 5 = 0, 3*q = 3*x - 69. What are the prime factors of x?
2, 3
Let k(m) = -m**2 - 6*m - 6. Let l be k(-5). Let h = 1 + l. Let j = h - -4. List the prime factors of j.
2
Let h = -61 + 121. What are the prime factors of h?
2, 3, 5
Let r(i) = i**3 + 7*i**2 - 2*i + 2. List the prime factors of r(-5).
2, 31
Let r = 1 - -3. Suppose -32 = -4*x + r*w, 1 = 2*x + 3*w - 2*w. List the prime factors of x.
3
What are the prime factors of (-3016)/(-28) - ((-38)/(-14) + -3)?
2, 3
Let x(b) = 2*b + 6. Let y be x(-5). Let m be (-1)/1*9*y. What are the prime factors of 8/m + 88/9?
2, 5
Let g(t) = 4*t + 8. Let k be g(6). List the prime factors of ((-15)/(-12))/(4/k).
2, 5
Suppose 4*f + 11 - 27 = 0. Suppose -3*w = -f*w + 31. List the prime factors of w.
31
Suppose 3*s + 4*o - 475 = 0, 6*s - 4*s - 312 = -5*o. What are the prime factors of s?
7, 23
Let w = -1 - -4. Suppose -w*k + 10 = -35. Suppose -37 + k = -2*i. List the prime factors of i.
11
Let b(v) = v**2 - 2*v - 3. Let m(x) = -3*x**3 + x**2 - 1. Let d be m(1). What are the prime factors of b(d)?
2, 3
Suppose 0 = -3*m - 5*a + 2, 2*a - 6*a = -5*m + 28. Suppose -m - 24 = -2*j. List the prime factors of j.
2, 7
Suppose i - 7 = j, -3*i - 5*j + 4*j + 1 = 0. Suppose 5*m = z - 10, -3*z - i*z - 2*m = 85. What are the prime factors of (-20)/3*18/z?
2
Let v = 15 - -4. List the prime factors of v.
19
Let r(v) be the first derivative of v**4/4 + 11*v**3/3 - v**2 - v - 4. List the prime factors of r(-11).
3, 7
Let b = -154 + 262. What are the prime factors of b?
2, 3
Let h = 6 + 5. Let l = 6 - h. List the prime factors of 0 - -2 - (l + 3).
2
Let f(y) = -y**3 + 10*y**2 - 12*y - 1. List the prime factors of f(6).
71
Suppose 0 = 2*c - 3*c + 2. Suppose 0 = -c*r + s + 4, 3*r + r - 32 = -4*s. Suppose r*n = 29 + 31. What are the prime factors of n?
3, 5
Suppose -2*q + 4 = 0, 0 = -2*w - 2*q + 4 - 0. Suppose -2*r = -w - 4. What are the prime factors of r?
2
Let c(l) = -l**3 - 7*l**2 - 8*l - 2. Let n be c(-6). Let q = 5 + -3. Let r = n + q. List the prime factors of r.
2, 3
What are the prime factors of 3/2*((-19030)/(-15))/11?
173
Suppose -4*y = y - 15. Let k be (4/(-3))/(4/(-6)). Suppose 0*f - 3*c - 19 = -2*f, y*c - 13 = -k*f. What are the prime factors of f?
2
Let y(f) = f**2 - 4*f - 3. Let k be (-1 - 2)/(2/2). What are the prime factors of y(k)?
2, 3
Let j(r) = 5*r**3 + 5*r**2 + r + 3. Let t(a) = -a**3 + a - 1. Let n(o) = j(o) + 6*t(o). Let x be n(6). List the prime factors of (x/9)/(1/33).
11
Let g(o) = -o**2 + 1. Let d(s) = 2*s**3 + 4*s**2 - 3. Let n(q) = d(q) + 5*g(q). Suppose l = -a + 3, 3*a - a + 4*l - 8 = 0. List the prime factors of n(a).
2, 7
Let v(a) = a**2 + 2*a + 2. Let p be v(-6). Let d(h) = h**3 + 11*h**2 + h - 7. Let s be d(-11). Let x = p + s. List the prime factors of x.
2
Suppose -3*j + 10 = -5. Suppose 8 = j*r - 12. Suppose 3*n + 0*a + a = 27, 0 = -4*n - r*a + 36. What are the prime factors of n?
3
Suppose 3*i = 8 + 130. Let q = -78 + i. List the prime factors of ((-9)/(-4))/((-12)/q).
2, 3
Let w(v) = 2*v - 2. Let o be w(2). Suppose 3*a - 10 - 10 = 4*q, 44 = o*a + 5*q. What are the prime factors of a?
2, 3
List the prime factors of 58 - 7 - (2 - 2).
3, 17
Suppose 3*s + 45 = 15. List the prime factors of (-76)/s + 18/45.
2
Let l(k) = -18*k + 1. What are the prime factors of l(-2)?
37
Suppose c + 8 = 5*i + 2*c, -5*c - 2 = 4*i. List the prime factors of i.
2
Suppose 60 = v + 4*m, 0 = m + 2*m + 15. What are the prime factors of v?
2, 5
Suppose -3*f + 9 = 0, -5*f + 3*f = -2*o + 162. List the prime factors of o.
2, 3, 7
Suppose 333 = -5*k + 908. List the prime factors of k.
5, 23
Let v = -23 + 161. What are the prime factors of v?
2, 3, 23
Suppose -4*p + 12 = 4. Suppose -4*k = -4 - 12, 2*k - 2 = 3*x. Suppose z - 3 = -p*v, v - x*v + 2*z = -9. List the prime factors of v.
3
Let s(x) = -x**3 - 8*x**2 + 12*x - 12. Let g be s(-10). Suppose 0 = -3*j - 2*d + 65, -d + g = 3*j + 4*d. What are the prime factors of j?
3, 7
Suppose 3*v - 12*v + 1935 = 0. What are the prime factors of v?
5, 43
Suppose -2*p - 2*i = -298, -p + 5*i = -2*p + 129. List the prime factors of p.
2, 7, 11
Suppose -12 = -p - 22. What are the prime factors of 2/(-3)*645/p?
43
Let g be (-1 - 1) + 6 + 30. Let z be g/8 + 1/(-4). Suppose 15 = 5*m + i, -i + 1 = z*m + 2*i. List the prime factors of m.
2
Let a = 14 + -2. Let f = a + -7. What are the prime factors of f?
5
Suppose t - 4 = 5. List the prime factors of t.
3
Let s(k) = -k**2 + 6*k - 5. Let j be s(5). Suppose j = 8*w - 3*w - 60. What are the prime factors of 0 + (0 - -1) + w?
13
Let f(r) = r**3 - 6*r**2 + 7*r - 7. Let a be f(5). Suppose 0*q - 33 = -a*q. List the prime factors of q.
11
Suppose 0 = 4*g - 257 + 53. Let n = -36 + g. What are the prime factors of (-2)/(-5) - (-159)/n?
11
What are the prime factors of -5*((-342)/15)/2?
3, 19
Let j(n) be the third derivative of -n**5/60 + 11*n**4/24 + 7*n**3/3 + 3*n**2. What are the prime factors of j(11)?
2, 7
Let q = 148 + -88. List the prime factors of q.
2, 3, 5
Let k(f) = -2*f**3 + 5*f**2 - 4*f + 2. Let v be k(3). Let p = 25 + v. What are the prime factors of p?
2, 3
Let p(l) = 10*l + 8. List the prime factors of p(3).
2, 19
Suppose -13 = -3*o + 4*c, c = 4*o - 3*c - 20. Let a = o - 5. What are the prime factors of (2 - 3) + 16 - a?
13
Let c(g) be the first derivative of g**2/2 - 8*g - 2. Let a be c(5). Let t(b) = -b**3 - b**2 + 5*b + 2. List the prime factors of t(a).
5
Suppose x - 6 = 3*x. Let n(k) = -2*k**3 - 5*k**2 - 4*k - 3. List the prime factors of n(x).
2, 3
Suppose -69 = -3*b - 0*b. List the prime factors of -4 + 1 - -1*b.
2, 5
Let y = 12 - 2. Let l = y + 1. List the prime factors of l.
11
Suppose -3*v + 61 + 77 = 3*o, -3*v - o = -146. What are the prime factors of v?
2, 5
Let j be (-3)/6 - (-11)/2. Suppose -j*s + 30 = -2*s. Suppose -3*c - 4*m + 38 = 0, -4*m = -2*c + 42 + s. List the prime factors of c.
2, 3
Let y be (-520)/50*(-30)/4. Suppose -o - 2*o + y = 0. List the prime factors of o.
2, 13
Let b(c) = c**3 - 5*c**2 - 7*c + 9. Let j be b(6). Suppose 0 = j*d - 5*d + 22. List the prime factors of d.
11
Suppose -4*l = -7 - 5, 4*l = 3*k + 6. Suppose -2*j + 56 = k*j. What are the prime factors of j?
2, 7
Let p(f) = 27*f**2 - 2*f - 8. What are the prime factors of p(-2)?
2, 13
What are the prime factors of (-120)/(1/16*-6)?
2, 5
Let o = 7 + -1. What are the prime factors of (-1)/(3/o + -1)?
2
Suppose 0 = 2*o - 3 - 1. Suppose -o*m = -3*z - 2, 0 = 3*m + m - 16. Suppose -k - z*k = -36. What are the prime factors of k?
2, 3
Suppose -5*n - 3*z = -37 + 11, n - z - 10 = 0. Suppose 0 = -n*w + 3*w - 3*q + 213, -5*w = -5*q - 275. What are the prime factors of w?
2, 3
Let w = 17 - 25. Let k = -4 - w. What are the prime factors of k?
2
Suppose -4*r + 11 = 2*a + 37, 2*r - 3*a + 17 = 0. Let l = r - -11. Suppose 3*j = 3*u - 6, -22 = 5*j + l*u - 57. List the prime factors of j.
3
Suppose 2*o = -4*b + 212 - 22, 5*o - 463 = -4*b. What are the prime factors of o?
7, 13
Let j(x) = -x**2 + 21*x + 31. What are the prime factors of j(16)?
3, 37
Let s = -250 - -475. What are the prime factors of s?
3, 5
Let l(v) be the first derivative of -4*v + 0*v**2 - 1 + 1/4*v**4 + 4/3*v**3. List the prime factors of l(-3).
5
Let k be 0 - 2*(-10)/4. Suppose k*w + 5*g - 100 = 0, -g = w + g - 20. List the prime factors of w.
2, 5
Let t(m) = 2*m**2 - 1. Let s be t(2). Suppose -3*p + 3*y + 1 = s, -2*y + 12 = 2*p. Suppose -3*r + 2*a + 5 = -1, -r = p*a - 10. What are the prime factors of r?
2
Suppose 0 = -4*i - a + 103, 5*a + 34 = -4*i + 149. What are the prime factors of i?
5
List the prime factors of (2 - -4)*(2 - -1).
2, 3
Let x(t) = -26*t - 41. List the prime factors of x(-9).
193
Suppose -2*m - n = -m - 40, -82 = -2*m - 3*n. List the prime factors of m.
2, 19
Let v be ((-10)/(-6))/(-5)*-3. Suppose -z = -v - 6. List the prime factors of z.
7
Let c be -3*2/(-6) + 19. Let v = c - 13. What are the prime factors of v?
7
Let c = -79 - -170. List the prime factors of c.
7, 13
Suppose -5*a + 38 = -27. Let c = a - -4. What are the 